{"id":745,"date":"2019-10-17T19:58:11","date_gmt":"2019-10-17T19:58:11","guid":{"rendered":"http:\/\/eyes-k.photo\/?page_id=745"},"modified":"2025-02-22T10:29:00","modified_gmt":"2025-02-22T10:29:00","slug":"iconographe","status":"publish","type":"page","link":"https:\/\/eyes-k.photo\/index.php\/iconographe\/","title":{"rendered":"ICONOGRAPHE"},"content":{"rendered":"<div id=\"pl-745\"  class=\"panel-layout\" ><div id=\"pg-745-0\"  class=\"panel-grid panel-no-style\" ><div id=\"pgc-745-0-0\"  class=\"panel-grid-cell\" ><div id=\"panel-745-0-0-0\" class=\"so-panel widget widget_sow-image panel-first-child panel-last-child\" data-index=\"0\" ><div\n\t\t\t\n\t\t\tclass=\"so-widget-sow-image so-widget-sow-image-default-c67d20f9f743-745\"\n\t\t\t\n\t\t>\n<div class=\"sow-image-container\">\n\t\t<img \n\tsrc=\"https:\/\/eyes-k.photo\/wp-content\/uploads\/2019\/10\/EYES_K-1.png\" width=\"4812\" height=\"2598\" title=\"EYES_K\" alt=\"\" \t\tclass=\"so-widget-image\"\/>\n\t<\/div>\n\n<\/div><\/div><\/div><\/div><div id=\"pg-745-1\"  class=\"panel-grid panel-no-style\" ><div id=\"pgc-745-1-0\"  class=\"panel-grid-cell panel-grid-cell-empty\" ><\/div><div id=\"pgc-745-1-1\"  class=\"panel-grid-cell panel-grid-cell-empty panel-grid-cell-mobile-last\" ><\/div><div id=\"pgc-745-1-2\"  class=\"panel-grid-cell panel-grid-cell-empty\" ><\/div><\/div><div id=\"pg-745-2\"  class=\"panel-grid panel-no-style\" ><div id=\"pgc-745-2-0\"  class=\"panel-grid-cell\" ><div id=\"panel-745-2-0-0\" class=\"so-panel widget widget_sow-editor panel-first-child panel-last-child\" data-index=\"1\" ><div\n\t\t\t\n\t\t\tclass=\"so-widget-sow-editor so-widget-sow-editor-base\"\n\t\t\t\n\t\t>\n<div class=\"siteorigin-widget-tinymce textwidget\">\n\t<h6 style=\"color: #d3a900; text-align: center; font-size: 12px; padding-bottom: 10px\">\u2014 <i>ik\u0254n\u0254g\u0280af<\/i> \u2014<\/h6>\n<h1 style=\"font-family: 'Lustria', serif; text-align: center; font-size: 32px; line-height: 32px\">ICONOGRAPHE<\/h1>\n<h2 style=\"font-family: 'Lustria', serif; text-align: center; font-size: 16px; line-height: 18px\">DOCUMENTALISTE IMAGE - RECHERCHISTE <br \/>PHOTO \u00c9DITRICE - R\u00c9DACTRICE PHOTO<\/h2>\n<\/div>\n<\/div><\/div><\/div><\/div><div id=\"pg-745-3\"  class=\"panel-grid panel-no-style\" ><div id=\"pgc-745-3-0\"  class=\"panel-grid-cell panel-grid-cell-empty\" ><\/div><div id=\"pgc-745-3-1\"  class=\"panel-grid-cell panel-grid-cell-mobile-last\" ><div id=\"panel-745-3-1-0\" class=\"so-panel widget widget_sow-editor panel-first-child panel-last-child\" data-index=\"2\" ><div\n\t\t\t\n\t\t\tclass=\"so-widget-sow-editor so-widget-sow-editor-base\"\n\t\t\t\n\t\t>\n<div class=\"siteorigin-widget-tinymce textwidget\">\n\t<link href=\"https:\/\/fonts.googleapis.com\/css?family=Lustria&display=swap\" rel=\"stylesheet\"\/>\n<link href=\"https:\/\/fonts.googleapis.com\/css?family=Lato:300&display=swap\" rel=\"stylesheet\"\/>\n<p style=\"font-family: 'Lato', sans-serif; text-align: justify; font-size: 16px; line-height: 22px\">L\u2019image jouant un r\u00f4le de plus en plus d\u00e9terminant en tant que vecteur de communication et de sens, mon m\u00e9tier de documentaliste image est recrut\u00e9 tant par les entreprises qui souhaitent garder la <b>m\u00e9moire visuelle<\/b> de leurs activit\u00e9s et de leurs productions (archives), que dans les medias, l\u2019\u00e9dition et la communication qui utilisent l\u2019image \u00e0 des fins <b>d\u2019illustrations et de promotion.<\/b><\/p>\n<\/div>\n<\/div><\/div><\/div><div id=\"pgc-745-3-2\"  class=\"panel-grid-cell panel-grid-cell-empty\" ><\/div><\/div><div id=\"pg-745-4\"  class=\"panel-grid panel-no-style\" ><div id=\"pgc-745-4-0\"  class=\"panel-grid-cell panel-grid-cell-empty\" ><\/div><div id=\"pgc-745-4-1\"  class=\"panel-grid-cell panel-grid-cell-mobile-last\" ><div id=\"panel-745-4-1-0\" class=\"so-panel widget widget_sow-editor panel-first-child panel-last-child\" data-index=\"3\" ><div\n\t\t\t\n\t\t\tclass=\"so-widget-sow-editor so-widget-sow-editor-base\"\n\t\t\t\n\t\t>\n<div class=\"siteorigin-widget-tinymce textwidget\">\n\t<h5 style=\"font-family: 'Lustria', serif; text-align: left; font-size: 16px;\">\n<img loading=\"lazy\" decoding=\"async\" src=\"http:\/\/eyes-k.photo\/wp-content\/uploads\/2019\/10\/1.png\" width=\"35\" height=\"35\" \/>GESTION D\u2019ARCHIVES PHOTOGRAPHIQUES<\/h5>\n<ul style=\"font-family: 'Lato', sans-serif; text-align: left; font-size: 16px; line-height: 22px;\">\n<li>Archivage<\/li>\n<li>Indexation, gestion de DAM<\/li>\n<li>Num\u00e9risation d\u2019archives papier<\/li>\n<\/ul>\n<h5 style=\"font-family: 'Lustria', serif; text-align: left; font-size: 16px; padding-top: 30px;\"><img loading=\"lazy\" decoding=\"async\" src=\"http:\/\/eyes-k.photo\/wp-content\/uploads\/2019\/10\/2.png\" width=\"35\" height=\"35\" \/>GESTION DE L\u2019IMAGE<\/h5>\n<ul style=\"font-family: 'Lato', sans-serif; text-align: left; font-size: 16px; line-height: 22px;\">\n<li>Illustration en image d\u2019un contenu \u00e9crit<\/li>\n<li>Identification des sources d\u2019information<br \/>\n(agences, photographes, mus\u00e9es, banques d\u2019images...)<\/li>\n<li>Recherche et s\u00e9lection des images de toute nature qui peuvent \u00eatre reproduites pour illustrer ou accompagner une nouvelle production (livre, revue, catalogue, publicit\u00e9, exposition, site web...)<\/li>\n<li>Veille documentaire<\/li>\n<li>Organisation de prises de vue(s) en lien avec divers prestataires (studio, laboratoire, photographes\u2026)<\/li>\n<\/ul>\n<h5 style=\"font-family: 'Lustria', serif; text-align: left; font-size: 16px; padding-top: 30px;\"><img loading=\"lazy\" decoding=\"async\" src=\"http:\/\/eyes-k.photo\/wp-content\/uploads\/2019\/10\/3.png\" width=\"35\" height=\"35\" \/>GESTION DES DROITS<\/h5>\n<ul style=\"font-family: 'Lato', sans-serif; text-align: left; font-size: 16px; line-height: 22px;\">\n<li>Gestion technique et juridique de la reproduction et la diffusion des images<\/li>\n<li>Identification des ayants droits<\/li>\n<li>Clarification des droits de diffusion<\/li>\n<li>\u00c9tablissement de la liste des cr\u00e9dits photographiques<\/li>\n<li>Application l\u00e9gale, r\u00e9glementaire et contractuelle du droit d\u2019auteur et du droit \u00e0 l\u2019image<\/li>\n<\/ul>\n<\/div>\n<\/div><\/div><\/div><div id=\"pgc-745-4-2\"  class=\"panel-grid-cell panel-grid-cell-empty\" ><\/div><\/div><div id=\"pg-745-5\"  class=\"panel-grid panel-no-style\" ><div id=\"pgc-745-5-0\"  class=\"panel-grid-cell panel-grid-cell-empty\" ><\/div><\/div><\/div>","protected":false},"excerpt":{"rendered":"<p>\u2014 ik\u0254n\u0254g\u0280af \u2014 ICONOGRAPHE DOCUMENTALISTE IMAGE &#8211; RECHERCHISTE PHOTO \u00c9DITRICE &#8211; R\u00c9DACTRICE PHOTO L\u2019image jouant un r\u00f4le de plus en plus d\u00e9terminant en tant que vecteur de communication et de sens, mon m\u00e9tier de documentaliste image est recrut\u00e9 tant par [&hellip;]<\/p>\n","protected":false},"author":1,"featured_media":0,"parent":0,"menu_order":0,"comment_status":"closed","ping_status":"closed","template":"","meta":{"footnotes":""},"class_list":["post-745","page","type-page","status-publish","hentry"],"_links":{"self":[{"href":"https:\/\/eyes-k.photo\/index.php\/wp-json\/wp\/v2\/pages\/745","targetHints":{"allow":["GET"]}}],"collection":[{"href":"https:\/\/eyes-k.photo\/index.php\/wp-json\/wp\/v2\/pages"}],"about":[{"href":"https:\/\/eyes-k.photo\/index.php\/wp-json\/wp\/v2\/types\/page"}],"author":[{"embeddable":true,"href":"https:\/\/eyes-k.photo\/index.php\/wp-json\/wp\/v2\/users\/1"}],"replies":[{"embeddable":true,"href":"https:\/\/eyes-k.photo\/index.php\/wp-json\/wp\/v2\/comments?post=745"}],"version-history":[{"count":164,"href":"https:\/\/eyes-k.photo\/index.php\/wp-json\/wp\/v2\/pages\/745\/revisions"}],"predecessor-version":[{"id":1335,"href":"https:\/\/eyes-k.photo\/index.php\/wp-json\/wp\/v2\/pages\/745\/revisions\/1335"}],"wp:attachment":[{"href":"https:\/\/eyes-k.photo\/index.php\/wp-json\/wp\/v2\/media?parent=745"}],"curies":[{"name":"wp","href":"https:\/\/api.w.org\/{rel}","templated":true}]}}

<div id="pl-745"  class="panel-layout" ><div id="pg-745-0"  class="panel-grid panel-no-style" ><div id="pgc-745-0-0"  class="panel-grid-cell" ><div id="panel-745-0-0-0" class="so-panel widget widget_sow-image panel-first-child panel-last-child" data-index="0" ><div
			
			class="so-widget-sow-image so-widget-sow-image-default-c67d20f9f743-745"
			
		>
<div class="sow-image-container">
		<img 
	src="https://eyes-k.photo/wp-content/uploads/2019/10/EYES_K-1.png" width="4812" height="2598" title="EYES_K" alt="" 		class="so-widget-image"/>
	</div>

</div></div></div></div><div id="pg-745-1"  class="panel-grid panel-no-style" ><div id="pgc-745-1-0"  class="panel-grid-cell panel-grid-cell-empty" ></div><div id="pgc-745-1-1"  class="panel-grid-cell panel-grid-cell-empty panel-grid-cell-mobile-last" ></div><div id="pgc-745-1-2"  class="panel-grid-cell panel-grid-cell-empty" ></div></div><div id="pg-745-2"  class="panel-grid panel-no-style" ><div id="pgc-745-2-0"  class="panel-grid-cell" ><div id="panel-745-2-0-0" class="so-panel widget widget_sow-editor panel-first-child panel-last-child" data-index="1" ><div
			
			class="so-widget-sow-editor so-widget-sow-editor-base"
			
		>
<div class="siteorigin-widget-tinymce textwidget">
	<h6 style="color: #d3a900; text-align: center; font-size: 12px; padding-bottom: 10px">— <i>ikɔnɔgʀaf</i> —</h6>
<h1 style="font-family: 'Lustria', serif; text-align: center; font-size: 32px; line-height: 32px">ICONOGRAPHE</h1>
<h2 style="font-family: 'Lustria', serif; text-align: center; font-size: 16px; line-height: 18px">DOCUMENTALISTE IMAGE - RECHERCHISTE <br />PHOTO ÉDITRICE - RÉDACTRICE PHOTO</h2>
</div>
</div></div></div></div><div id="pg-745-3"  class="panel-grid panel-no-style" ><div id="pgc-745-3-0"  class="panel-grid-cell panel-grid-cell-empty" ></div><div id="pgc-745-3-1"  class="panel-grid-cell panel-grid-cell-mobile-last" ><div id="panel-745-3-1-0" class="so-panel widget widget_sow-editor panel-first-child panel-last-child" data-index="2" ><div
			
			class="so-widget-sow-editor so-widget-sow-editor-base"
			
		>
<div class="siteorigin-widget-tinymce textwidget">
	<link href="https://fonts.googleapis.com/css?family=Lustria&display=swap" rel="stylesheet"/>
<link href="https://fonts.googleapis.com/css?family=Lato:300&display=swap" rel="stylesheet"/>
<p style="font-family: 'Lato', sans-serif; text-align: justify; font-size: 16px; line-height: 22px">L’image jouant un rôle de plus en plus déterminant en tant que vecteur de communication et de sens, mon métier de documentaliste image est recruté tant par les entreprises qui souhaitent garder la <b>mémoire visuelle</b> de leurs activités et de leurs productions (archives), que dans les medias, l’édition et la communication qui utilisent l’image à des fins <b>d’illustrations et de promotion.</b></p>
</div>
</div></div></div><div id="pgc-745-3-2"  class="panel-grid-cell panel-grid-cell-empty" ></div></div><div id="pg-745-4"  class="panel-grid panel-no-style" ><div id="pgc-745-4-0"  class="panel-grid-cell panel-grid-cell-empty" ></div><div id="pgc-745-4-1"  class="panel-grid-cell panel-grid-cell-mobile-last" ><div id="panel-745-4-1-0" class="so-panel widget widget_sow-editor panel-first-child panel-last-child" data-index="3" ><div
			
			class="so-widget-sow-editor so-widget-sow-editor-base"
			
		>
<div class="siteorigin-widget-tinymce textwidget">
	<h5 style="font-family: 'Lustria', serif; text-align: left; font-size: 16px;">
<img loading="lazy" decoding="async" src="http://eyes-k.photo/wp-content/uploads/2019/10/1.png" width="35" height="35" />GESTION D’ARCHIVES PHOTOGRAPHIQUES</h5>
<ul style="font-family: 'Lato', sans-serif; text-align: left; font-size: 16px; line-height: 22px;">
<li>Archivage</li>
<li>Indexation, gestion de DAM</li>
<li>Numérisation d’archives papier</li>
</ul>
<h5 style="font-family: 'Lustria', serif; text-align: left; font-size: 16px; padding-top: 30px;"><img loading="lazy" decoding="async" src="http://eyes-k.photo/wp-content/uploads/2019/10/2.png" width="35" height="35" />GESTION DE L’IMAGE</h5>
<ul style="font-family: 'Lato', sans-serif; text-align: left; font-size: 16px; line-height: 22px;">
<li>Illustration en image d’un contenu écrit</li>
<li>Identification des sources d’information<br />
(agences, photographes, musées, banques d’images...)</li>
<li>Recherche et sélection des images de toute nature qui peuvent être reproduites pour illustrer ou accompagner une nouvelle production (livre, revue, catalogue, publicité, exposition, site web...)</li>
<li>Veille documentaire</li>
<li>Organisation de prises de vue(s) en lien avec divers prestataires (studio, laboratoire, photographes…)</li>
</ul>
<h5 style="font-family: 'Lustria', serif; text-align: left; font-size: 16px; padding-top: 30px;"><img loading="lazy" decoding="async" src="http://eyes-k.photo/wp-content/uploads/2019/10/3.png" width="35" height="35" />GESTION DES DROITS</h5>
<ul style="font-family: 'Lato', sans-serif; text-align: left; font-size: 16px; line-height: 22px;">
<li>Gestion technique et juridique de la reproduction et la diffusion des images</li>
<li>Identification des ayants droits</li>
<li>Clarification des droits de diffusion</li>
<li>Établissement de la liste des crédits photographiques</li>
<li>Application légale, réglementaire et contractuelle du droit d’auteur et du droit à l’image</li>
</ul>
</div>
</div></div></div><div id="pgc-745-4-2"  class="panel-grid-cell panel-grid-cell-empty" ></div></div><div id="pg-745-5"  class="panel-grid panel-no-style" ><div id="pgc-745-5-0"  class="panel-grid-cell panel-grid-cell-empty" ></div></div></div>

<p>— ikɔnɔgʀaf — ICONOGRAPHE DOCUMENTALISTE IMAGE &#8211; RECHERCHISTE PHOTO ÉDITRICE &#8211; RÉDACTRICE PHOTO L’image jouant un rôle de plus en plus déterminant en tant que vecteur de communication et de sens, mon métier de documentaliste image est recruté tant par [&hellip;]</p>
